-3*c = -8*c + 15. Let y = c - 5. Let r(j) = 2*j**2 + j - 1. List the prime factors of r(y).
5
Suppose 0 = 3*r - 5 - 1. Suppose r*f - 2*t + 6 = -6*t, 0 = f - 4*t - 15. What are the prime factors of f?
3
Let m(z) = 10*z + 3. What are the prime factors of m(3)?
3, 11
Suppose -5*q - 2 = -7. What are the prime factors of ((-3)/(-2))/(q/22)?
3, 11
Suppose 3*a - 802 = -4*l, l + 0*l = -5*a + 1314. List the prime factors of a.
2, 131
Let w be 6/1*(-3)/2. List the prime factors of (2*-2)/(6/w).
2, 3
Let f(k) = 3*k**2 - 3*k + 2. Suppose 5 = 5*t, 0 - 4 = -j - t. What are the prime factors of f(j)?
2, 5
Let h(p) = -8*p - p**3 + 0 + 8*p**2 - 3*p**3 + 3*p**3 - 2. List the prime factors of h(6).
2, 11
Let r = 3 - 0. Suppose -6*y = -r*y - 51. Let u = 25 - y. What are the prime factors of u?
2
Suppose 5*f - r = 16, -3*f - 5*r = -47 + 15. Suppose f*x = -x. Suppose 0 = 5*v - x*v - 60. What are the prime factors of v?
2, 3
Let l(t) = -t - 2. Let o be l(-5). Suppose -2*w = -2*u - 10, -o*w - u + 10 = u. What are the prime factors of w?
2
Let g(f) = -4*f + 2. Let z(n) = n + 7. Let l be z(-9). Let u be g(l). What are the prime factors of (-8)/(-5)*(u - 5)?
2
Suppose 2*m + 32 + 94 = 2*p, -345 = -5*p - 5*m. List the prime factors of p.
2, 3, 11
Suppose 3*o = -2*r + 116, -180 - 89 = -5*r + 3*o. What are the prime factors of r?
5, 11
Let t(k) = 5. Let d(w) = -w + 6. Let i(a) = 4*d(a) - 5*t(a). Let o be i(-2). Suppose m = 1 + o. What are the prime factors of m?
2
Suppose l = -0*l + 3. Suppose -5*q - k = -41, 2*q + 3*k - l = 3. What are the prime factors of q?
3
Let u(z) = 2*z**2 + 3*z. Let i(k) = 2*k**2 + 3*k. Let a(c) = -5*i(c) + 6*u(c). Let o be a(-2). Suppose 60 = o*m + 2*m. List the prime factors of m.
3, 5
Let o(p) = -p**2 - p + 6. Let j be o(-3). Suppose -3*s - s + 100 = j. List the prime factors of s.
5
Suppose 7 = 5*u - 3. Suppose -5 = -u*a - 1. What are the prime factors of a?
2
Suppose 3*s - 231 = 36. What are the prime factors of s?
89
Suppose 0 = -5*g - 44 - 1. List the prime factors of (-4)/(8/g)*4.
2, 3
Let x(n) = n + 6. Let o be x(-6). Let y be 45 + o + 1 + 0. Suppose -2 = -4*k + y. What are the prime factors of k?
2, 3
Let m(t) = t + 2. Let x be m(-2). Suppose r - 2 = -x*r. Suppose 0 = k - r*k + 6. What are the prime factors of k?
2, 3
Let n(a) = -a**2 + 10*a - 7. Let u be n(9). What are the prime factors of 10 + (u + -2)/(-3)?
2, 5
Let z be -4 - -67 - 3 - -4. Suppose 6*p - 3*p = -a + z, 0 = a - 3*p - 40. What are the prime factors of a?
2, 13
Let h be 9*1/(-2)*6. Let p = h + 35. What are the prime factors of p?
2
Let t(b) = 7*b - 9. List the prime factors of t(7).
2, 5
Suppose 4*v - 5*b = 31, 25 = 4*v + b - 12. Let z(t) = 2*t - 11. What are the prime factors of z(v)?
7
Let o(r) = r + 12. What are the prime factors of o(5)?
17
Let u(q) = q**3 - 16*q**2 + 16*q - 16. Let j be u(15). Let w(r) = -36*r + 1. List the prime factors of w(j).
37
Suppose -40 = -4*u + 28. Suppose -15 = -2*h + l, 3*h - 3*l - 1 = u. What are the prime factors of h?
3
Let i(l) = -37*l**3 - l - 1. What are the prime factors of i(-1)?
37
Let q = 70 - 37. List the prime factors of q.
3, 11
Suppose 2*j - a + 0*a - 21 = 0, -2*j - 3*a = -17. Let k = j + -7. Suppose 2*o - k*o + 10 = 0. List the prime factors of o.
2, 5
Suppose -m = -2*m - 5*w + 77, -3*m + 5*w = -151. Let r = -30 + m. List the prime factors of r.
3
Let p(y) be the third derivative of -y**4/24 + 7*y**3/6 + 2*y**2. What are the prime factors of p(-15)?
2, 11
Let p = 1 + -3. Let m be p/((-4)/(-2)) + 3. List the prime factors of m - (3/(-1) - -1).
2
Let o(g) = g**3 + 10*g**2 + 6*g + 9. What are the prime factors of o(-9)?
2, 3
List the prime factors of 8/6*(25 + -4).
2, 7
Let o = 14 + -8. List the prime factors of 38/o + (-5)/15.
2, 3
Suppose -c = -2 - 0. Suppose c*p - 4*b = -b + 36, -18 = -p + 5*b. List the prime factors of p.
2, 3
Suppose 2*x = -3*x - 30. Let r(m) = 7*m**3 - 9*m**2 - 5*m. Let g(q) = 6*q**3 - 8*q**2 - 4*q. Let h(n) = x*g(n) + 5*r(n). List the prime factors of h(2).
2
Let d(u) = u**2 + 9*u - 3. Let m be d(-10). Let h(l) = 1 - 3*l - 3*l + m*l. List the prime factors of h(6).
7
Let w(s) = s**2 - 8*s - 36. What are the prime factors of w(-5)?
29
Let o = -13 - 11. Let p = -5 - o. What are the prime factors of p?
19
Let d(c) = 2*c**2 + c. Let o be (-6)/2*1*-2. Suppose 5*v + u - o = 0, -2*u + 5 = 3*v - 0. What are the prime factors of d(v)?
3
Let o be (-2)/(-4) - (-36)/8. Suppose -w - 45 = -4*r - 0*w, -w = o*r - 54. What are the prime factors of r?
11
Let u(g) = 4*g**3 + 2*g**2 - 2*g - 1. Let d be u(2). Suppose 4*i = -i + d. List the prime factors of i.
7
Suppose -4*k = -5*a + 4, -16 = k - 0*a - 5*a. Suppose 128 = k*d - 0*d. What are the prime factors of d?
2
Let b(r) = 3*r**2 + 2*r + 1. Suppose 2*l - 20 = -2*l. Let o = 4 - l. What are the prime factors of b(o)?
2
Let r = 6 - 4. Let p(m) = -2*m - 8 + 3*m + m**r - 5*m. List the prime factors of p(6).
2
Let z be (-4)/(-6) - (-21)/9. What are the prime factors of (-2 + 3/z)*-17?
17
Let b be (-1)/(((-2)/(-1))/(-282)). Suppose -3*g + b = 5*a + 29, 3*a + 42 = g. List the prime factors of g.
3, 13
Let v = 2 + -6. What are the prime factors of (-321)/(-11) - v/(-22)?
29
Let s(x) = x**2 + 8*x + 9. List the prime factors of s(-10).
29
Let t(n) be the third derivative of n**4/24 - n**3/6 + n**2. Let h be t(7). Suppose -5*f = -3*j - 0*j - 1, -2*j + h = 0. List the prime factors of f.
2
Suppose 0*p - 864 = -3*p. What are the prime factors of p?
2, 3
Suppose 2 = 2*d - 0. Let h = 7 - d. What are the prime factors of h?
2, 3
Let c = -5 - -5. Suppose -5*s + 18 - 3 = c. Suppose -t + 5 = 0, -2*d - d = s*t - 66. List the prime factors of d.
17
Let x be -2*2*(-3)/6. Suppose 0 = -x*r + 5*v - 20, r + v + v - 8 = 0. List the prime factors of (1 - r)*(3 - -1).
2
Suppose 6*a - 2*a - 302 = -3*x, 402 = 4*x + 5*a. What are the prime factors of x?
2, 7
Let q be -1 - 16*(0 - 2). Let i = q + -1. List the prime factors of i.
2, 3, 5
Suppose 0*c + c + 309 = 3*h, -c = 2*h - 206. Suppose d - 2*r = 4*d - h, 2*r = -2. What are the prime factors of d?
5, 7
Let u = -17 - -27. List the prime factors of u.
2, 5
Let c be -18*(1 - (-2)/(-4)). Suppose -25 + 1 = 2*u. What are the prime factors of c/(-2)*(-8)/u?
3
Let f(y) = y**3 + 7*y**2 - 9*y - 10. Let n be f(-8). Let j be (n*1)/(7/(-14)). List the prime factors of ((-5)/j)/(-1)*4.
5
Suppose 5*r - 6 = -4*h - 2, 5*r + 14 = -h. What are the prime factors of h?
2, 3
Let o = 109 + 106. List the prime factors of o.
5, 43
Suppose 4*y - 6 = t, 4*t = 3*y + 17 + 24. List the prime factors of t.
2, 7
Let z(g) = -2*g**3 - 5*g**2 - g + 2. Let c = 2 - 0. Let t(r) = -3*r + 3. Let p be t(c). List the prime factors of z(p).
2, 7
Let h be 23/2*(3 - 1). Suppose -3*f - 2*j = -h, -j - j = -3*f + 31. Suppose 0*p + 3*p = f. List the prime factors of p.
3
Suppose h = 5, -h - 4 + 1 = 4*x. List the prime factors of x/(0 + 4/(-6)).
3
Let w = -6 - -1. List the prime factors of w + 2 + 22/1.
19
Let v be 1/(-1)*-3*10. Suppose -z = 4*z + v. What are the prime factors of (-3)/(-2)*(-8)/z?
2
List the prime factors of (-339)/(-7) - 21/49.
2, 3
What are the prime factors of -1*(-3*1)/(5/445)?
3, 89
Let x be (-1)/2 - (-30)/12. Suppose -2*z = -2*s - 18, 0 = -x*z + 2*s - 7*s - 10. Suppose 0 = -z*d + 3*d + 26. List the prime factors of d.
13
Suppose 0*t + 30 = 3*t. Suppose 3*o - t = 8. List the prime factors of o.
2, 3
Suppose 2*t + 3 - 1 = 0. Let m = 6 - t. Suppose m*h = 2*h + 10. List the prime factors of h.
2
Let r = -5 + 10. List the prime factors of (-10)/(-25)*4*r.
2
Let k(n) = 2*n + 4. Let i be k(5). List the prime factors of (i - 11)/((-6)/(-64)).
2
Let o(a) = a**2 - 15*a + 71. What are the prime factors of o(28)?
3, 5, 29
Let g = 3 - -3. Let b be (-3)/g*(-26 + -2). Let o = b + -10. List the prime factors of o.
2
Let c be 4/(-14) + 75/(-7). Let l be 9/c + 4/(-22). List the prime factors of l + 14 + -6 + 4.
11
Let h(u) = -8*u + 44. What are the prime factors of h(-15)?
2, 41
Let j be 124/3 + 6/9. Suppose 3*v + 0*v = j. List the prime factors of v.
2, 7
Let b(f) = f**3 - 9*f**2 + 11*f - 11. Let s be b(8). Suppose -3*v - 9 = 0, 0*h - 2*v = -3*h + 6. Suppose h = -2*a - 5 + s. What are the prime factors of a?
2
Let t(w) = -w**3 + 0*w**2 - w + 2*w**2 - 6 - 4*w**2. List the prime factors of t(-3).